 = -11466*t - 114241. Give i(-10).
419
Let l(h) = -347*h - 21324. What is l(-57)?
-1545
Let u(x) = -81*x**3 - 1707*x**2 - 519*x - 8255. Calculate u(-21).
-2
Let n(d) = -101*d + 4158. Determine n(42).
-84
Let d(q) = -3*q**3 + 101*q**2 - 16*q - 108. Give d(33).
1542
Let v(j) = -j**3 - 38*j**2 - 191*j + 3036. Determine v(-18).
-6
Let s(t) = 528530*t - 33297394. Determine s(63).
-4
Let d(i) = 372*i + 17312. What is d(-52)?
-2032
Let b(f) = -f**3 + 36*f**2 - 73*f + 167. What is b(34)?
-3
Let d(f) = 29*f - 1507. Calculate d(36).
-463
Let v(n) = -89*n**3 - 686*n**2 + 221*n + 97. Give v(-8).
-7
Let k(z) = -20*z**3 - 206*z**2 - 280*z - 410. Determine k(-9).
4
Let f(v) = 2673*v - 5239. Give f(2).
107
Let c(r) = r**3 + 5*r**2 + 1570*r - 9448. Give c(6).
368
Let k(m) = 5606*m + 61370. Determine k(-11).
-296
Let y(t) = -t**2 - 34*t + 6727. Determine y(69).
-380
Let b(n) = -n**2 + 1943*n + 311742. Calculate b(-149).
34
Let l(i) = 217*i**2 - 2220*i - 2220. Determine l(-1).
217
Let k(h) = 2960*h + 204296. Calculate k(-69).
56
Let i(d) = 2*d**3 - 82*d**2 - 4130*d + 168385. Calculate i(40).
-15
Let f(u) = -13199*u + 989791. Determine f(75).
-134
Let o(k) = -k**2 + 45*k + 3388. Determine o(-39).
112
Let r(x) = 433*x**2 + 44841*x - 44840. Give r(1).
434
Let i(h) = -49*h**2 + 149*h + 141. What is i(-1)?
-57
Let c(m) = 4*m**2 - 23336*m + 23335. Determine c(1).
3
Let x(j) = -23*j**2 - 812*j - 981. Calculate x(-33).
768
Let o(r) = 342*r + 4509. Calculate o(-12).
405
Let k(s) = 5*s**3 + 4297*s**2 - 6868*s + 17222. Determine k(-861).
2
Let a(b) = -42*b**3 - 1631*b**2 + 274*b + 4. Calculate a(-39).
-35
Let t(g) = 4*g**2 + 164*g - 5496. Determine t(22).
48
Let a(y) = y**3 + 26*y**2 - 45*y - 19. Calculate a(-23).
2603
Let w(n) = -30*n + 1650. What is w(89)?
-1020
Let h(n) = -n**3 - 60*n**2 + 137*n + 836. What is h(-62)?
30
Let k(t) = 715*t + 45657. What is k(-64)?
-103
Let g(f) = -65*f**2 - 643*f + 65200. Calculate g(-37).
6
Let w(b) = 1470*b - 5312. What is w(4)?
568
Let w(y) = 2*y**3 + 25*y**2 - 1418*y - 15865. Calculate w(-11).
96
Let h(y) = -36*y**2 + 2782*y - 16681. What is h(6)?
-1285
Let g(f) = f**3 - 8*f**2 - 16*f + 151. What is g(0)?
151
Let k(y) = 266*y**2 - 61*y + 3. What is k(2)?
945
Let s(k) = k**2 + 223169*k - 892683. Give s(4).
9
Let r(j) = 22*j**2 + 2738*j + 13300. What is r(-5)?
160
Let z(y) = -3*y**3 - 85*y**2 - 69*y - 1249. Determine z(-28).
-101
Let z(p) = -3471*p - 3325226. Calculate z(-958).
-8
Let j(d) = d**3 - 286*d**2 - 2502*d + 44229. Give j(294).
129
Let k(y) = 3*y**2 + 278*y + 2822. Determine k(-10).
342
Let w(c) = c**3 + 66*c**2 + 75*c + 10212. Give w(-67).
698
Let j(m) = m**3 - 39*m**2 + 348*m - 11275. Give j(38).
505
Let f(p) = 981*p + 190603. Give f(-194).
289
Let d(u) = -u**3 - 36*u**2 + 9251*u + 324841. Determine d(-35).
-169
Let k(c) = c**3 + 8*c**2 + 1959*c + 7805. Determine k(-4).
33
Let s(i) = 2*i**3 + 9*i**2 - 1608*i - 9688. Calculate s(-6).
-148
Let t(k) = 35*k**2 - 6319*k + 12654. Determine t(2).
156
Let v(l) = -2*l**3 - 6*l**2 + 11*l + 96. Give v(-4).
84
Let w(z) = -5*z**3 - 128*z**2 + 94*z + 1486. Determine w(-26).
394
Let v(j) = 2015*j + 572283. What is v(-284)?
23
Let h(o) = -5349*o - 946777. What is h(-177)?
-4
Let p(k) = -k**3 + 130*k - 27. What is p(9)?
414
Let s(d) = -710*d + 8501. What is s(12)?
-19
Let v(f) = 2*f**2 + 2167*f - 46384. Calculate v(21).
5
Let a(j) = 80349*j - 5945822. Give a(74).
4
Let b(h) = 986*h + 277056. Give b(-281).
-10
Let y(g) = -7*g**3 + 3910*g**2 - 6125*g - 949. Calculate y(557).
165
Let d(n) = -13*n**3 + 12*n**2 - 44*n + 31. Determine d(2).
-113
Let m(j) = -282*j + 115912. Calculate m(411).
10
Let b(f) = 472*f**2 + 12758*f + 48. Calculate b(-27).
-330
Let v(l) = -586576*l - 6452321. What is v(-11)?
15
Let j(y) = y**2 + 27*y - 1240. Determine j(-53).
138
Let p(v) = -v**3 + 15*v**2 + 43*v - 98. Determine p(15).
547
Let y(v) = 57*v**2 + 1102*v + 4380. Give y(-4).
884
Let f(a) = -15243*a + 30493. Calculate f(2).
7
Let w(q) = 65*q**2 + 402*q + 87. Calculate w(-6).
15
Let s(w) = -w**3 + 33*w**2 - 167*w + 90. Give s(26).
480
Let m(u) = -u**3 + 224*u**2 - 5411*u - 15039. What is m(196)?
53
Let n(k) = -k**3 - 73*k**2 - 369*k + 1379. Give n(-67).
-832
Let y(u) = -18*u**3 - 902*u**2 - 92*u + 733. Calculate y(-50).
333
Let y(o) = -43433*o + 1693874. Give y(39).
-13
Let j(w) = -4192*w - 54877. What is j(-13)?
-381
Let t(z) = -z**2 + 21149*z - 232494. Calculate t(11).
24
Let n(g) = -53236*g - 958248. Give n(-18).
0
Let f(r) = -r**3 - 262*r**2 + 5942*r - 341. Calculate f(-283).
-58
Let u(h) = -118*h**2 + 7861*h + 3023. Give u(67).
8
Let b(d) = 2*d**2 - 389*d + 137. Determine b(0).
137
Let f(z) = -z**2 + 22*z + 61. Determine f(17).
146
Let m(z) = z**3 + 533*z**2 + 6265*z + 6554. Calculate m(-521).
-219
Let q(t) = 74240*t + 296951. Give q(-4).
-9
Let h(b) = -1945*b**2 - 40845*b + 108. Calculate h(-21).
108
Let w(z) = 22*z**3 - 1932*z**2 - 353*z + 192. Determine w(88).
104
Let l(n) = 2468*n + 229752. Give l(-93).
228
Let s(k) = k**2 - 851*k + 7296. What is s(9)?
-282
Let c(n) = 4*n**3 + 10*n**2 - 176*n + 59. Determine c(8).
1339
Let c(a) = -2*a**2 - 377*a + 3211. Determine c(-196).
271
Let u(g) = -g**3 - 250*g**2 - 729*g + 8. What is u(-3)?
-28
Let r(m) = -91*m - 440. Determine r(-13).
743
Let b(a) = 5*a**2 + 714*a - 95517. Give b(-227).
50
Let c(v) = v**3 - 70*v**2 + 465*v - 1182. What is c(63)?
330
Let f(b) = -b**3 - 21*b**2 - 4039*b - 89259. What is f(-22)?
83
Let p(u) = 368*u - 44270. Give p(121).
258
Let n(s) = s**3 - 10*s**2 - 322*s + 2972. What is n(9)?
-7
Let g(c) = 20*c**3 + 169*c**2 + 69*c - 20. Determine g(-8).
4
Let b(n) = 2223*n - 63983. Calculate b(26).
-6185
Let u(g) = -g**3 - 893*g**2 - 16555*g + 972. Give u(-19).
3
Let l(j) = -348*j**2 - 2064*j - 28. What is l(-6)?
-172
Let g(w) = w**2 + 678*w - 49097. Determine g(66).
7
Let k(c) = 52030*c - 260145. Calculate k(5).
5
Let j(c) = -39*c**2 + 946*c - 4323. What is j(6)?
-51
Let g(v) = -121*v**2 + 1543*v - 4903. What is g(6)?
-1
Let q(n) = 268*n**2 + 76*n - 4599. Give q(4).
-7
Let m(k) = -1002*k + 116238. What is m(116)?
6
Let j(m) = 5*m**2 + 100*m - 342. Calculate j(3).
3
Let w(p) = -2569*p + 495605. Give w(193).
-212
Let x(r) = -6957813*r - 48704702. What is x(-7)?
-11
Let b(o) = o**3 + 163*o**2 + 189*o + 4370. What is b(-162)?
-4
Let y(p) = 2919*p - 1401122. Determine y(480).
-2
Let x(y) = -y**3 - 221*y**2 + 471*y + 5782. Give x(-223).
207
Let f(x) = 2461*x**2 + 394*x - 397. Give f(1).
2458
Let r(f) = -2645839*f + 5291687. Calculate r(2).
9
Let n(m) = 11289*m + 22639. Calculate n(-2).
61
Let r(a) = -7132*a**2 + 14256*a + 6. Determine r(2).
-10
Let f(o) = -3*o**3 + 16*o**2 + 191*o - 1021. Give f(8).
-5
Let y(d) = -d**2 + 1122*d - 15508. Calculate y(14).
4
Let h(o) = 3390*o + 12887. What is h(-4)?
-673
Let c(k) = -2*k**2 - 3981*k + 158316. Determine c(39).
15
Let x(d) = -143*d**2 + 44852*d - 29121. Calculate x(313).
-12
Let d(r) = 3440*r - 96335. Determine d(28).
-15
Let b(u) = 5*u**2 - 6299*u + 1160091. Calculate b(224).
-5
Let k(t) = 182*t + 3286. What is k(-24)?
-1082
Let z(x) = -86972*x - 1913380. Calculate z(-22).
4
Let n(a) = 3*a**3 - 77*a**2 - 53*a + 20. What is n(27)?
1505
Let v(y) = -10911*y - 87725. What is v(-8)?
-437
Let f(s) = 65*s**2 - 17322*s + 86630. What is f(5)?
1645
Let y(w) = -5*w**2 + 24846*w + 124363. Determine y(-5).
8
Let h(i) = -80*i**2 + 35037*i + 1085. Give h(438).
-229
Let d(n) = -214*n + 48879. Give d(228).
87
Let m(l) = 2*l**3 + 2269*l**2 - 224361*l - 3678. Calculate m(-1226).
0
Let v(p) = 15*p**2 - 12718*p - 194145. Give v(-15).
0
Let g(r) = 2*r**3 + 14*r**2 - 87*r - 580. What is g(-7)?
29
Let d(h) = 576*h**2 + 31100*h - 219. Give d(-54).
-3
Let h(l) = 550*l - 70671. What is h(128)?
-271
Let j(p) = 430*p - 386141. Calculate j(898).
-1
Let l(f) = 633*f + 669. Calculate l(0).
669
Let p(y) = -2*y**2 + 2516*y - 80850. What is p(33)?
0
Let z(j) = 234817*j + 6340017. What is z(-27)?
-42
Let l(t) = 45987*t - 413817. Give l(9).
66
Let k(i) = -i**3 - 23*i**2 - 84*i - 1728. What is k(-23)?
204
Let x(l) = -l**2 + 28104*l - 252790. Determine x(9).
65
Let k(i) = -i**3 + 626*i**2 - 82836*i - 1733. Give k(436).
11
Let z(p) = -4*p**2 - 110*p - 841. Determine z(-20).
-241
Let f(o) = 4*o**2 + 4*o + 425. What is f(25)?
3025
Let h(a) = 